isor of 1960973 and 7.
7
Calculate the highest common factor of 302599 and 22.
11
What is the highest common factor of 29376 and 117963?
459
What is the highest common factor of 2352 and 492?
12
Calculate the highest common factor of 14059965 and 15.
15
What is the greatest common divisor of 1170 and 2466620?
130
Calculate the highest common divisor of 7147146 and 6.
6
Calculate the greatest common divisor of 86 and 229233.
43
What is the highest common factor of 85 and 87805?
85
Calculate the highest common divisor of 142375 and 10375.
125
Calculate the highest common factor of 70 and 337030.
10
Calculate the highest common factor of 99429 and 23.
23
What is the highest common factor of 28 and 1022210?
14
Calculate the highest common factor of 112614 and 274.
274
Calculate the greatest common factor of 474 and 11692.
158
What is the greatest common factor of 6230 and 12110?
70
Calculate the greatest common divisor of 4888 and 10283.
13
Calculate the greatest common factor of 745512 and 24.
24
What is the highest common divisor of 688180 and 20?
20
Calculate the greatest common divisor of 9956 and 152.
76
Calculate the greatest common divisor of 308232 and 216.
216
Calculate the greatest common factor of 304 and 11672.
8
What is the greatest common divisor of 2123 and 1485?
11
What is the greatest common factor of 89 and 442508?
89
What is the highest common factor of 395 and 113128?
79
What is the highest common factor of 379129 and 542?
271
What is the highest common factor of 1377181 and 2639?
377
Calculate the greatest common divisor of 441 and 23766.
3
What is the highest common divisor of 441458 and 412?
206
Calculate the highest common divisor of 4031 and 37033.
29
What is the highest common divisor of 553222 and 978?
326
What is the greatest common factor of 132 and 331804?
44
Calculate the greatest common divisor of 5053 and 93.
31
Calculate the greatest common divisor of 2881 and 1376.
43
What is the greatest common divisor of 116 and 12184?
4
What is the greatest common divisor of 248 and 119691?
31
What is the highest common divisor of 458565 and 285?
285
Calculate the highest common factor of 76 and 4195124.
76
Calculate the greatest common divisor of 19480 and 40.
40
Calculate the greatest common divisor of 30 and 348306.
6
What is the highest common divisor of 58 and 3808106?
58
What is the highest common factor of 2 and 89072?
2
What is the highest common factor of 189032 and 32?
8
What is the highest common divisor of 376249 and 502?
251
What is the greatest common divisor of 1479 and 137?
1
What is the highest common divisor of 1030 and 640?
10
Calculate the greatest common divisor of 1360 and 2320160.
1360
What is the highest common factor of 266 and 37373?
133
What is the greatest common divisor of 320 and 188640?
160
Calculate the highest common factor of 155736 and 1728.
216
Calculate the greatest common divisor of 27 and 21237.
3
What is the greatest common factor of 14 and 1546?
2
What is the highest common divisor of 2712 and 84?
12
What is the highest common divisor of 2419 and 697?
41
Calculate the highest common factor of 26 and 401414.
26
What is the highest common divisor of 67000 and 140?
20
What is the highest common factor of 1048 and 235276?
524
What is the highest common divisor of 1552279 and 3308?
827
What is the highest common factor of 2160674 and 348?
58
What is the greatest common factor of 654330 and 17?
17
Calculate the highest common factor of 2418 and 2964.
78
What is the highest common divisor of 6157 and 47?
47
What is the highest common factor of 1099 and 43489?
157
Calculate the greatest common divisor of 17819 and 1903.
173
Calculate the greatest common divisor of 2730 and 1618071.
273
What is the highest common factor of 11400 and 1650?
150
What is the highest common divisor of 256 and 157984?
32
What is the greatest common factor of 30555 and 1890?
315
What is the highest common factor of 111688 and 460?
92
What is the highest common factor of 66120 and 360?
120
Calculate the greatest common factor of 2113706 and 4.
2
What is the highest common divisor of 1900315 and 530?
265
What is the greatest common divisor of 6 and 4265502?
6
What is the highest common factor of 2072 and 5848?
8
What is the highest common factor of 2331 and 4473?
63
Calculate the highest common divisor of 55 and 38995.
55
What is the greatest common factor of 15015 and 2457?
273
What is the highest common factor of 1620969 and 42?
21
What is the greatest common divisor of 16 and 78964?
4
What is the greatest common divisor of 31 and 450771?
31
Calculate the greatest common factor of 182 and 8554.
182
Calculate the greatest common divisor of 803 and 2336.
73
What is the highest common factor of 1519 and 10927?
49
Calculate the greatest common divisor of 217 and 2422.
7
What is the greatest common divisor of 387124 and 68?
68
Calculate the greatest common divisor of 36273 and 50511.
339
Calculate the highest common divisor of 2268 and 72819.
81
Calculate the greatest common factor of 26541 and 99283.
983
What is the highest common factor of 798 and 3758181?
399
What is the greatest common divisor of 1003 and 7375?
59
Calculate the highest common divisor of 903 and 693.
21
Calculate the highest common divisor of 1518451 and 11.
11
Calculate the highest common factor of 8580 and 3564.
132
Calculate the greatest common factor of 129795 and 255.
255
Calculate the highest common divisor of 816 and 184.
8
What is the greatest common factor of 255 and 353022?
51
Calculate the greatest common divisor of 138 and 1756694.
46
What is the highest common factor of 743585 and 2540?
635
What is the highest common divisor of 906994 and 286?
22
What is the greatest common factor of 93385 and 285?
95
Calculate the greatest common factor of 18 and 7866.
18
What is the greatest common factor of 234384 and 5397?
771
Calculate the highest common factor of 3026 and 3602453.
1513
Calculate the greatest common divisor of 14700 and 83900.
100
Calculate the highest common factor of 170688 and 224.
224
What is the greatest common divisor of 779631 and 69?
69
Calculate the highest common factor of 595 and 5362.
7
Calculate the greatest common divisor of 259 and 25256.
7
Calculate the greatest common factor of 696756 and 1364.
124
What is the greatest common factor of 5405 and 30080?
235
Calculate the greatest common divisor of 94842 and 297.
99
What is the highest common divisor of 7878 and 50298?
606
What is the greatest common factor of 803 and 22192?
73
Calculate the greatest common divisor of 8659 and 1323.
7
What is the greatest common factor of 895 and 670?
5
What is the highest common divisor of 14017 and 1441?
131
Calculate the greatest common factor of 17644 and 1276.
44
What is the highest common divisor of 91728 and 172224?
1872
Calculate the greatest common factor of 45576 and 216.
216
What is the greatest common factor of 128 and 270008?
8
Calculate the highest common divisor of 360 and 104320.
40
Calculate the highest common divisor of 1333074 and 164.
82
Calculate the highest common factor of 64769 and 542.
271
What is the highest common factor of 112 and 6167?
7
What is the highest common divisor of 44 and 1547799?
11
Calculate the greatest common factor of 1012 and 7744.
44
Calculate the highest common divisor of 14 and 1502.
2
Calculate the highest common divisor of 90 and 314710.
10
Calculate the greatest common divisor of 2556 and 10404.
36
What is the greatest common factor of 450579 and 3?
3
What is the highest common factor of 24080 and 1820?
140
Calculate the highest common divisor of 999264 and 672.
672
Calculate the highest common factor of 212 and 113950.
106
What is the greatest common divisor of 34 and 63818?
34
Calculate the highest common factor of 692692 and 169.
13
What is the greatest common divisor of 2 and 1178?
2
What is the greatest common factor of 1056854 and 86?
86
Calculate the highest common factor of 1611 and 531.
9
What is the greatest common divisor of 2465 and 1360?
85
Calculate the highest common factor of 285 and 6327.
57
Calculate the greatest common divisor of 73809 and 1197.
9
What is the greatest common factor of 4471 and 13787?
17
Calculate the highest common divisor of 2374 and 1462.
2
What i